, 3, 5
Suppose f + 2*t + 6 = 2, -4*f = 5*t + 7. Let g = -1 - -5. Let a = g - f. List the prime factors of a.
2
Let d(u) = -2*u**2 + 3*u + 78. List the prime factors of d(0).
2, 3, 13
List the prime factors of (5 - 0)*(-11)/(-5).
11
Let d be (-1)/(-2) - (-8)/(-16). Suppose d = 4*m + p - 124, -4*p - 2 = 14. List the prime factors of m.
2
Let m = -16 + 56. List the prime factors of m.
2, 5
Let x be (-4)/(-6) - (-8)/(-12). Let t be x - (3*-1 - -1). List the prime factors of (t + 0)*(-9)/(-2).
3
Let i(d) = -2*d**2 + 2. Let x be i(-2). Let h(k) = -3 + 0*k + 4 - 2*k. What are the prime factors of h(x)?
13
Suppose 0 = -5*n - 5 + 10. Suppose -3*a + 21 = 3*i, 5*a + 2*i + n = 36. Let h = a - 3. List the prime factors of h.
2
Let u(i) = -i**3 - i**2 - 6*i - 4. Let n be u(-4). Let v = n + -25. What are the prime factors of v?
43
Suppose -4*x + 32 = n - 18, -3*n - 2*x = -110. What are the prime factors of n?
2, 17
Suppose 4*i + 0*n + 4*n + 12 = 0, 4*i + 15 = -n. What are the prime factors of 2*2/i*-4?
2
Suppose -152 = -4*s + 2*f, 3*s - f - 57 = 58. List the prime factors of s.
3, 13
Suppose -3*s - s = 2*v - 22, s - 2*v = 3. Suppose 5*d - s*z = -50, 0 = 2*d - d - 5*z + 10. What are the prime factors of (-6)/d - 156/(-15)?
11
Suppose 4*t = 2*u + 8, 0*t + 1 = 2*u + 5*t. List the prime factors of (-2)/(-3)*(-9)/u.
3
Let b be 2/6 - (-55)/15. Suppose c + b = 14. What are the prime factors of c?
2, 5
Let l = 384 - 220. What are the prime factors of l?
2, 41
List the prime factors of 18 - 14 - 86/2*-5.
3, 73
Suppose -3*p + 8 - 2 = 0. Suppose 20 = p*c - 8. What are the prime factors of (-1 + -1)*c/(-4)?
7
Let c be 15/(-6) + 3/(-6). Let p(k) = -k**3 - 2*k**2 + 3*k + 3. Let r be p(c). Suppose -r*d + 26 + 7 = 0. List the prime factors of d.
11
Let m = 5 + -5. Suppose -16 = -4*j - 0*j + 2*a, -3*j - a + 7 = m. List the prime factors of j.
3
Let a(t) = -t**2 + 4*t. Let l be a(3). Suppose -8 = y - 2*x - 43, y + l*x - 45 = 0. List the prime factors of y.
3, 13
Let w = -18 - -30. Let c(o) = -7 - o**2 + 5*o + o + 7*o. List the prime factors of c(w).
5
Suppose 0 = -c + 121 + 10. What are the prime factors of c?
131
Suppose -j + 430 = 2*j - 5*t, 4*j - 3*t = 555. Suppose -3*c - y = -2*y - j, 4*c = -5*y + 161. What are the prime factors of c?
2, 11
Suppose -z + 2*b + 2*b + 13 = 0, -3*z - 5*b + 5 = 0. Suppose 2*s - 8 = 0, z*d - s + 5*s - 66 = 0. List the prime factors of d.
2, 5
Let r be (-158)/(-14) - 6/21. Suppose 0 = 3*g - r - 4. Suppose g*s = 2*s + 18. List the prime factors of s.
2, 3
Let f(z) = 48*z**2 - 1. Let d be f(1). Let r = -25 + d. Suppose -5*m = -3*m - r. What are the prime factors of m?
11
Let x(t) = -t**3 - 7*t**2 + 2*t. Let g be x(-6). Let p be g/6*(-1 - 0). Suppose k + 2*v = p, -4*k + k + 40 = -2*v. List the prime factors of k.
2, 3
Let f = 2 - -2. Suppose 3*p = 53 + f. List the prime factors of p.
19
Suppose -30 = -3*v + 3*t, 5*v + t = 4*v + 12. Let w be 350/v - (-2)/11. Suppose w = 4*n + 4. List the prime factors of n.
7
Suppose 0 = -l - 2*f - 0 - 5, 25 = l - 4*f. Suppose -16*j + 8 = -12*j. Suppose l*w = 3*y - 2, -j*y = -y + w - 6. List the prime factors of y.
2
Let t = 400 - 107. List the prime factors of t.
293
What are the prime factors of (3 + 9)*2*14/4?
2, 3, 7
Let o(x) = -x**3 - 5*x**2 - 4*x - 1. Let n be o(-4). Let w be n + (-2 - (-24)/3). What are the prime factors of 1/2*w*2?
5
Let s(o) = -o**3 - o**2 + 7*o. List the prime factors of s(-4).
2, 5
Let q(s) be the first derivative of -s**4/4 - 7*s**3/3 - 9*s**2/2 - 5*s - 8. Suppose 4*l = -3*t - 21, 0 = -2*l - 2*t - 13 + 3. List the prime factors of q(l).
13
Let a = 88 - 51. What are the prime factors of a?
37
What are the prime factors of ((-5)/10)/(1/(-84))?
2, 3, 7
Let i(r) = 6*r - 7. Suppose p = 4*w, 2*p = -3*p - 3*w + 23. What are the prime factors of i(p)?
17
Let d(k) = k**2 - 5*k - 4. List the prime factors of d(9).
2
Let m = -168 - -115. List the prime factors of 4/10 + m/(-5).
11
Let k(q) = q**2 - 2*q + 9. What are the prime factors of k(-4)?
3, 11
Let v = 18 - 21. Let h(b) = 6*b**2 + 3*b - 2. List the prime factors of h(v).
43
Suppose -765 = -4*h + 395. What are the prime factors of h?
2, 5, 29
Suppose 2*c - 4*m + m = 39, 33 = 2*c - m. What are the prime factors of c?
3, 5
Let u(o) be the third derivative of 2*o**2 + 0*o + 0 + 0*o**3 + 1/24*o**4. What are the prime factors of u(5)?
5
Let k = -1 + 3. Let j be 0/(1 + (2 - k)). Suppose -4*u = -j*u - 24. What are the prime factors of u?
2, 3
Suppose -3*r - y = 3*y - 43, y + 23 = 3*r. Let q be 146/r - 8/36. Suppose -4*x + 44 - q = 0. List the prime factors of x.
7
Let v = 4 - 6. List the prime factors of (2 - 3)/(v/24).
2, 3
Suppose -3*l + 24 = -0*l. Suppose 5*h - l = h. Suppose 4*j + 10 = -5*p - j, -j = h*p. List the prime factors of p.
2
Let p(o) = -6. Let b(k) = -k + 11. Let l(m) = 4*b(m) + 7*p(m). List the prime factors of l(-6).
2, 13
Let m = 144 + 37. What are the prime factors of m?
181
Suppose 0 = -r + u + 17, 3*r - 43 = -0*r - 5*u. Suppose q = -q + r. What are the prime factors of q?
2
Let t(y) = y**2 - y - 1. Let p be t(-2). Suppose -v = 2*v - c - 18, -v - p = -4*c. Suppose 0 = -3*o - 9, -o + 4*o = -x + v. What are the prime factors of x?
2
Let d(p) be the first derivative of p**3/3 + 3*p**2/2 - p - 3. Let c be d(2). Let n(x) = x**2 - 9*x + 4. List the prime factors of n(c).
2
Suppose s - 2 + 7 = 0. Let u(p) = p**2 + 3*p + 4. List the prime factors of u(s).
2, 7
Suppose 4*p + 21 = p. Let h = p + 13. Suppose t - h = -3. What are the prime factors of t?
3
Suppose 8*c - 383 = 785. List the prime factors of c.
2, 73
Let b(u) = -u**2 - 9*u + 2. Let a be b(-10). Let j(l) = -l - 4. Let c be j(a). Suppose 0 = c*z - 0*z - 64. List the prime factors of z.
2
Let q(m) = 7*m + 1. Let p be q(7). Suppose -2*n - p = -2*a - 2*a, -33 = -3*a - 3*n. List the prime factors of a.
2, 3
Let q(f) = f**3 - 7*f**2 - 7*f - 3. List the prime factors of q(8).
5
Let s = 424 + -264. List the prime factors of s.
2, 5
Let l(m) = 12*m - 34. What are the prime factors of l(8)?
2, 31
Suppose -5*u + z + 960 = 0, 5*u - 3*z + 391 = 1341. List the prime factors of u.
193
Suppose 0*g - 2*f + 62 = 2*g, 3*g + 4*f = 93. List the prime factors of g.
31
Suppose -7*a + 155 + 104 = 0. What are the prime factors of a?
37
Suppose 3*c - 4 = -5*h - 0, 2*c - 2*h + 8 = 0. Let v(m) = -4*m**3 - 2*m**2 + 2*m + 1. What are the prime factors of v(c)?
3, 7
Let d = 7 - 4. Suppose d*s = -2*s + r + 79, -4*s - 2*r + 52 = 0. What are the prime factors of s?
3, 5
Let k be (10/6)/((-3)/(-45)). Suppose 6*z - z = k. What are the prime factors of z?
5
Let m(g) = 3*g. Let y be m(1). Suppose -y*v + 32 = v. What are the prime factors of v?
2
List the prime factors of (-1692)/(-45) - 4/(-10).
2, 19
What are the prime factors of -3 + 14 + 0 - 1?
2, 5
Suppose 5*k - 32 = -4*i, k + 5*i + 50 = 6*k. What are the prime factors of k?
2
Let c = -16 + 2. Let m(g) = g**2 + 13*g - 9. List the prime factors of m(c).
5
List the prime factors of 49*((2 - -2) + -3).
7
Suppose 4 = -t + 4*c, -2*t - 3*t + 4 = 4*c. Let m(a) = 4*a - 2. Let i(f) = 5*f - 2. Let w(r) = 5*i(r) - 6*m(r). What are the prime factors of w(t)?
2
Let v(s) = -s - 7. Let g(c) = -6. Let t(b) = -4*g(b) + 3*v(b). Let o be t(-7). Let u = o - 15. List the prime factors of u.
3
Let u = 3 - -20. What are the prime factors of u?
23
Let z be (-3)/9 + 151/3. Let d be z/(-4) - 6/12. Let c(i) = i**3 + 13*i**2 - 2*i - 7. List the prime factors of c(d).
19
Suppose 2*p + 2 = -5*i, 0 = -2*i + 3*p - 7 - 9. Let g = 5 + i. Suppose -l = g*f, -2*f = -f + 1. List the prime factors of l.
3
Suppose -58 = 5*x - b - 8, -2*x = -3*b + 33. Let c be 588/30 - (-4)/10. Let o = c + x. What are the prime factors of o?
11
Suppose -5*y - 9 = -2*y. What are the prime factors of (-2 - y)*-1 + 13?
2, 3
Let n(r) = -5*r**3 - 2*r**2 + 4*r + 4. List the prime factors of n(-3).
109
Let a be 5/10 - (-15)/(-2). Let p = a - -12. Suppose 2*g - 5*o = g + 2, 0 = -p*g - 5*o + 70. What are the prime factors of g?
2, 3
Suppose 0 = -2*v - 4*k - 14 + 88, 5*v + 5*k - 185 = 0. Suppose v - 1 = 2*x. Suppose 4*u = 2*c + 18 - 2, -c - x = -4*u. What are the prime factors of u?
5
Suppose 4 + 0 = 2*k. What are the prime factors of (-15)/k*(-1 - 1)?
3, 5
Suppose -84 = -8*y + 2*y. List the prime factors of y.
2, 7
Suppose -